{"id":9822,"date":"2025-05-28T10:31:47","date_gmt":"2025-05-28T10:31:47","guid":{"rendered":"https:\/\/lanasurbano.com\/?product=lana-africa-deluxe-color-940-negro"},"modified":"2025-05-28T10:31:51","modified_gmt":"2025-05-28T10:31:51","slug":"lana-africa-deluxe-color-940-negro","status":"publish","type":"product","link":"https:\/\/lanasurbano.com\/?product=lana-africa-deluxe-color-940-negro","title":{"rendered":"Lana \u00c1frica Deluxe &#8211; Color 940 (Negro)"},"content":{"rendered":"<p><strong>Lana \u00c1frica Deluxe &#8211; Color 940 (Negro)<\/strong><\/p>\n<p>Composici\u00f3n: 75% Acr\u00edlico &#8211; 20% Lana &#8211; 5% Poli\u00e9ster Metalizado<br \/>\nPeso: 100 Grs.<br \/>\nMedidas: 500 metros. 547 yds.<br \/>\nAgujas a utilizar: N\u00ba 2 \u00bd &#8211; 6<br \/>\nCrochet o ganchillo a usar: N\u00ba 2 \u00bd &#8211; 5<\/p>\n","protected":false},"excerpt":{"rendered":"<p>Lana \u00c1frica Deluxe &#8211; Color 940 (Negro)<\/p>\n","protected":false},"featured_media":9750,"comment_status":"closed","ping_status":"open","template":"","meta":[],"product_brand":[],"product_cat":[1341],"product_tag":[1342],"class_list":{"0":"post-9822","1":"product","2":"type-product","3":"status-publish","6":"product_cat-lana-africa-deluxe","7":"product_tag-100-grs-lana-acrilico-lana-suave-lana-crochet-lana-punto-crochet-punto-lana-fina-lana-brillo","9":"first","10":"instock","11":"taxable","12":"shipping-taxable","13":"purchasable","14":"product-type-simple"},"_links":{"self":[{"href":"https:\/\/lanasurbano.com\/index.php?rest_route=\/wp\/v2\/product\/9822","targetHints":{"allow":["GET"]}}],"collection":[{"href":"https:\/\/lanasurbano.com\/index.php?rest_route=\/wp\/v2\/product"}],"about":[{"href":"https:\/\/lanasurbano.com\/index.php?rest_route=\/wp\/v2\/types\/product"}],"replies":[{"embeddable":true,"href":"https:\/\/lanasurbano.com\/index.php?rest_route=%2Fwp%2Fv2%2Fcomments&post=9822"}],"version-history":[{"count":1,"href":"https:\/\/lanasurbano.com\/index.php?rest_route=\/wp\/v2\/product\/9822\/revisions"}],"predecessor-version":[{"id":9823,"href":"https:\/\/lanasurbano.com\/index.php?rest_route=\/wp\/v2\/product\/9822\/revisions\/9823"}],"wp:featuredmedia":[{"embeddable":true,"href":"https:\/\/lanasurbano.com\/index.php?rest_route=\/wp\/v2\/media\/9750"}],"wp:attachment":[{"href":"https:\/\/lanasurbano.com\/index.php?rest_route=%2Fwp%2Fv2%2Fmedia&parent=9822"}],"wp:term":[{"taxonomy":"product_brand","embeddable":true,"href":"https:\/\/lanasurbano.com\/index.php?rest_route=%2Fwp%2Fv2%2Fproduct_brand&post=9822"},{"taxonomy":"product_cat","embeddable":true,"href":"https:\/\/lanasurbano.com\/index.php?rest_route=%2Fwp%2Fv2%2Fproduct_cat&post=9822"},{"taxonomy":"product_tag","embeddable":true,"href":"https:\/\/lanasurbano.com\/index.php?rest_route=%2Fwp%2Fv2%2Fproduct_tag&post=9822"}],"curies":[{"name":"wp","href":"https:\/\/api.w.org\/{rel}","templated":true}]}}