{"id":966,"date":"2020-04-03T10:13:07","date_gmt":"2020-04-03T10:13:07","guid":{"rendered":"https:\/\/lanasurbano.com\/?product=surena-color-309-blanco"},"modified":"2022-04-13T08:29:09","modified_gmt":"2022-04-13T08:29:09","slug":"surena-color-309-granate","status":"publish","type":"product","link":"https:\/\/lanasurbano.com\/?product=surena-color-309-granate","title":{"rendered":"Sure\u00f1a &#8211; Color 309 (Granate)"},"content":{"rendered":"<p><strong>Algod\u00f3n Sure\u00f1a Color 309 (Granate)<\/strong><\/p>\n<p>Composici\u00f3n: 100% Algod\u00f3n reciclado.<br \/>\nPeso: 100 Grs.<br \/>\nMedidas: 155 metros 170 yds.<br \/>\nAgujas a utilizar: 4 &#8211; 5.<br \/>\nPosibilidad de trabajarlo con agujas de ganchillo de 4,5<\/p>\n","protected":false},"excerpt":{"rendered":"<p>Sure\u00f1a &#8211; Color 309 (Granate)<\/p>\n","protected":false},"featured_media":680,"comment_status":"closed","ping_status":"closed","template":"","meta":[],"product_brand":[],"product_cat":[56],"product_tag":[37,77,557,78,79,76,558],"class_list":{"0":"post-966","1":"product","2":"type-product","3":"status-publish","6":"product_cat-hilo-surena","7":"product_tag-100-grs","8":"product_tag-algodon","9":"product_tag-algodon-reciclado","10":"product_tag-calidad","11":"product_tag-economico","12":"product_tag-hilo","13":"product_tag-surena","15":"first","16":"instock","17":"taxable","18":"shipping-taxable","19":"purchasable","20":"product-type-simple"},"_links":{"self":[{"href":"https:\/\/lanasurbano.com\/index.php?rest_route=\/wp\/v2\/product\/966","targetHints":{"allow":["GET"]}}],"collection":[{"href":"https:\/\/lanasurbano.com\/index.php?rest_route=\/wp\/v2\/product"}],"about":[{"href":"https:\/\/lanasurbano.com\/index.php?rest_route=\/wp\/v2\/types\/product"}],"replies":[{"embeddable":true,"href":"https:\/\/lanasurbano.com\/index.php?rest_route=%2Fwp%2Fv2%2Fcomments&post=966"}],"version-history":[{"count":1,"href":"https:\/\/lanasurbano.com\/index.php?rest_route=\/wp\/v2\/product\/966\/revisions"}],"predecessor-version":[{"id":7594,"href":"https:\/\/lanasurbano.com\/index.php?rest_route=\/wp\/v2\/product\/966\/revisions\/7594"}],"wp:featuredmedia":[{"embeddable":true,"href":"https:\/\/lanasurbano.com\/index.php?rest_route=\/wp\/v2\/media\/680"}],"wp:attachment":[{"href":"https:\/\/lanasurbano.com\/index.php?rest_route=%2Fwp%2Fv2%2Fmedia&parent=966"}],"wp:term":[{"taxonomy":"product_brand","embeddable":true,"href":"https:\/\/lanasurbano.com\/index.php?rest_route=%2Fwp%2Fv2%2Fproduct_brand&post=966"},{"taxonomy":"product_cat","embeddable":true,"href":"https:\/\/lanasurbano.com\/index.php?rest_route=%2Fwp%2Fv2%2Fproduct_cat&post=966"},{"taxonomy":"product_tag","embeddable":true,"href":"https:\/\/lanasurbano.com\/index.php?rest_route=%2Fwp%2Fv2%2Fproduct_tag&post=966"}],"curies":[{"name":"wp","href":"https:\/\/api.w.org\/{rel}","templated":true}]}}