{"id":2432,"date":"2020-04-27T14:05:08","date_gmt":"2020-04-27T14:05:08","guid":{"rendered":"https:\/\/lanasurbano.com\/?product=algodon-soft-color-860-granata-c19-06-40"},"modified":"2020-05-15T08:35:40","modified_gmt":"2020-05-15T08:35:40","slug":"algodon-soft-color-860-granata-c19-06-40","status":"publish","type":"product","link":"https:\/\/lanasurbano.com\/?product=algodon-soft-color-860-granata-c19-06-40","title":{"rendered":"Algod\u00f3n Soft &#8211; Color 860 (Granata) C19-06-40"},"content":{"rendered":"<p><strong>Algod\u00f3n Soft &#8211; Color 860 (Granata)<\/strong><\/p>\n<p>Composici\u00f3n: 100% algod\u00f3n-cotton antial\u00e9rgico.<br \/>\nPeso: 50 Grs.<br \/>\nMedidas: 180 metros. 197 yds<br \/>\nAgujas a utilizar: \u00a0N\u00ba\u00a0 2,5.<\/p>\n","protected":false},"excerpt":{"rendered":"<p>Algod\u00f3n Soft &#8211; Color 860 (Granata)<\/p>\n","protected":false},"featured_media":2289,"comment_status":"closed","ping_status":"closed","template":"","meta":[],"product_brand":[],"product_cat":[261],"product_tag":[231,77,288,290,289,76,254,253],"class_list":{"0":"post-2432","1":"product","2":"type-product","3":"status-publish","6":"product_cat-algodon-soft","7":"product_tag-50-grs","8":"product_tag-algodon","9":"product_tag-algodon-soft","10":"product_tag-antialergico","11":"product_tag-cotton","12":"product_tag-hilo","13":"product_tag-lanas-stop","14":"product_tag-suave","16":"first","17":"instock","18":"taxable","19":"shipping-taxable","20":"purchasable","21":"product-type-simple"},"_links":{"self":[{"href":"https:\/\/lanasurbano.com\/index.php?rest_route=\/wp\/v2\/product\/2432","targetHints":{"allow":["GET"]}}],"collection":[{"href":"https:\/\/lanasurbano.com\/index.php?rest_route=\/wp\/v2\/product"}],"about":[{"href":"https:\/\/lanasurbano.com\/index.php?rest_route=\/wp\/v2\/types\/product"}],"replies":[{"embeddable":true,"href":"https:\/\/lanasurbano.com\/index.php?rest_route=%2Fwp%2Fv2%2Fcomments&post=2432"}],"version-history":[{"count":0,"href":"https:\/\/lanasurbano.com\/index.php?rest_route=\/wp\/v2\/product\/2432\/revisions"}],"wp:featuredmedia":[{"embeddable":true,"href":"https:\/\/lanasurbano.com\/index.php?rest_route=\/wp\/v2\/media\/2289"}],"wp:attachment":[{"href":"https:\/\/lanasurbano.com\/index.php?rest_route=%2Fwp%2Fv2%2Fmedia&parent=2432"}],"wp:term":[{"taxonomy":"product_brand","embeddable":true,"href":"https:\/\/lanasurbano.com\/index.php?rest_route=%2Fwp%2Fv2%2Fproduct_brand&post=2432"},{"taxonomy":"product_cat","embeddable":true,"href":"https:\/\/lanasurbano.com\/index.php?rest_route=%2Fwp%2Fv2%2Fproduct_cat&post=2432"},{"taxonomy":"product_tag","embeddable":true,"href":"https:\/\/lanasurbano.com\/index.php?rest_route=%2Fwp%2Fv2%2Fproduct_tag&post=2432"}],"curies":[{"name":"wp","href":"https:\/\/api.w.org\/{rel}","templated":true}]}}